{"id":17,"date":"2018-08-29T18:22:56","date_gmt":"2018-08-29T18:22:56","guid":{"rendered":"http:\/\/c3.usac.edu.gt\/cema.usac.edu.gt\/public_html\/?page_id=17"},"modified":"2018-10-23T03:23:06","modified_gmt":"2018-10-23T03:23:06","slug":"inicio","status":"publish","type":"page","link":"https:\/\/cema.usac.edu.gt\/","title":{"rendered":"Inicio"},"content":{"rendered":"<p>El Centro de Estudios del Mar y Acuicultura CEMA, de la Universidad de San Carlos de Guatemala, ubicado en el Edificio T-14 de la Ciudad Universitaria zona, 12 Guatemala es la unidad acad\u00e9mica da la USAC que se encarga de forma directa de la producci\u00f3n, conservaci\u00f3n, monitoreo y evaluaci\u00f3n de los recursos asociados al agua que conocemos como recursos hidrobiol\u00f3gicos.<\/p>\n<p>Durante su trayectoria el CEMA ha contribuido de forma proactiva al desarrollo de la producci\u00f3n acu\u00edcola en ambientes de agua dulce, la promoci\u00f3n de la acuicultura marina, el monitoreo y evaluaci\u00f3n de la calidad de agua de ambientes naturales como reservorios futuros y el ordenamiento de las pesquer\u00edas, acompa\u00f1ando a productores, empresarios, gobierno y sociedad civil en el avance de sus actividades, con la finalidad de apoyar la seguridad alimentaria y nutricional del pa\u00eds e implementar actividades de valor comercial que redunden en beneficios para la naci\u00f3n.<\/p>\n<p>El proceso de vinculaci\u00f3n Universidad &#8211; Sociedad ha sido la herramienta principal de trabajo en este Centro universitario, lo que ha redundado en un conocimiento importante del \u00e1rea marino costera, los\u00a0 cuerpos de agua continentales, la investigaci\u00f3n acu\u00edcola y pesquera, la preocupaci\u00f3n por los problemas ambientales, el desarrollo de procesos tecnol\u00f3gicos de mejora del procesamiento y comercializaci\u00f3n de productos de origen hidrobiol\u00f3gico, que a su vez se han constituido en parte esencial de la actividad acad\u00e9mica que realiza.<\/p>\n<p>La oferta acad\u00e9mica actual del CEMA est\u00e1 constituida actualmente por:<\/p>\n<ul>\n<li>T\u00e9cnico universitario en Acuicultura<\/li>\n<li>Licenciatura en Recursos hidrobiol\u00f3gicos (2019)<\/li>\n<li>Maestr\u00eda en Ciencias marinas y costeras con \u00e9nfasis en Gesti\u00f3n integrada de zonas costeras<\/li>\n<\/ul>\n<p>El trabajo del CEMA se sustenta bajo los pilares universitarios de docencia, investigaci\u00f3n y extensi\u00f3n. Por ello cuenta dentro de su organizaci\u00f3n con el Instituto de Investigaciones Hidrobiol\u00f3gicas IIH, el Departamento de Estudios de Postgrado, laboratorios especializados en PCR, microbiolog\u00eda, metales pesados, laboratorio h\u00famedo, laboratorio de procesamiento de productos hidrobiol\u00f3gicos y laboratorio de calidad de agua, as\u00ed como un centro de documentaci\u00f3n en donde se ofrece al usuario los documentos de avance investigativo generado.<\/p>\n<p>El CEMA cuenta con una Estaci\u00f3n Experimental ubicada en la aldea Monterrico en el litoral Pac\u00edfico de Guatemala, donde se cuenta con instalaciones para la producci\u00f3n e investigaci\u00f3n de crust\u00e1ceos y peces.<\/p>\n<p>Esta Unidad Acad\u00e9mica cumple su labor seg\u00fan las funciones universitarias de investigaci\u00f3n, docencia y extensi\u00f3n, para lo cual dispone de un grupo de profesores altamente calificados, investigadores y t\u00e9cnicos y de trabajadores administrativos.<\/p>\n<p>Te esperamos!<\/p>\n<div style=\"width: 750px;\" class=\"wp-video\"><!--[if lt IE 9]><script>document.createElement('video');<\/script><![endif]-->\n<video class=\"wp-video-shortcode\" id=\"video-17-1\" width=\"750\" height=\"422\" preload=\"metadata\" controls=\"controls\"><source type=\"video\/mp4\" src=\"http:\/\/c3.usac.edu.gt\/cema.usac.edu.gt\/public_html\/wp-content\/uploads\/2018\/10\/visita-CEMA-3.mp4?_=1\" \/><a href=\"http:\/\/c3.usac.edu.gt\/cema.usac.edu.gt\/public_html\/wp-content\/uploads\/2018\/10\/visita-CEMA-3.mp4\">http:\/\/c3.usac.edu.gt\/cema.usac.edu.gt\/public_html\/wp-content\/uploads\/2018\/10\/visita-CEMA-3.mp4<\/a><\/video><\/div>\n","protected":false},"excerpt":{"rendered":"<p>El Centro de Estudios del Mar y Acuicultura CEMA, de la Universidad de San Carlos de Guatemala, ubicado en el Edificio T-14 de la Ciudad Universitaria zona, 12 Guatemala es la unidad acad\u00e9mica da la USAC que se encarga de<\/p>\n","protected":false},"author":1,"featured_media":0,"parent":0,"menu_order":1,"comment_status":"closed","ping_status":"closed","template":"","meta":{"footnotes":""},"class_list":["post-17","page","type-page","status-publish","hentry"],"_links":{"self":[{"href":"https:\/\/cema.usac.edu.gt\/index.php\/wp-json\/wp\/v2\/pages\/17","targetHints":{"allow":["GET"]}}],"collection":[{"href":"https:\/\/cema.usac.edu.gt\/index.php\/wp-json\/wp\/v2\/pages"}],"about":[{"href":"https:\/\/cema.usac.edu.gt\/index.php\/wp-json\/wp\/v2\/types\/page"}],"author":[{"embeddable":true,"href":"https:\/\/cema.usac.edu.gt\/index.php\/wp-json\/wp\/v2\/users\/1"}],"replies":[{"embeddable":true,"href":"https:\/\/cema.usac.edu.gt\/index.php\/wp-json\/wp\/v2\/comments?post=17"}],"version-history":[{"count":3,"href":"https:\/\/cema.usac.edu.gt\/index.php\/wp-json\/wp\/v2\/pages\/17\/revisions"}],"predecessor-version":[{"id":215,"href":"https:\/\/cema.usac.edu.gt\/index.php\/wp-json\/wp\/v2\/pages\/17\/revisions\/215"}],"wp:attachment":[{"href":"https:\/\/cema.usac.edu.gt\/index.php\/wp-json\/wp\/v2\/media?parent=17"}],"curies":[{"name":"wp","href":"https:\/\/api.w.org\/{rel}","templated":true}]}}