{"id":35,"date":"2018-08-29T19:32:53","date_gmt":"2018-08-29T19:32:53","guid":{"rendered":"http:\/\/c3.usac.edu.gt\/cema.usac.edu.gt\/public_html\/?page_id=35"},"modified":"2018-10-23T00:24:40","modified_gmt":"2018-10-23T00:24:40","slug":"planta-fisica","status":"publish","type":"page","link":"https:\/\/cema.usac.edu.gt\/index.php\/planta-fisica\/","title":{"rendered":"Campus Central"},"content":{"rendered":"<h4>Edificio de Aulas:<\/h4>\n<p>Edificio de dos niveles, en el primer nivel funciona la carrera de T\u00e9cnico en Acuicultura con tres salones de clase y en el segundo la carrera de Licenciado en Acuicultura, con dos salones para clases, incluye adem\u00e1s, el Centro de Documentaci\u00f3n con su respectiva sala de lectura, un servicio de computaci\u00f3n e Internet, Laboratorio de Ciencias Biol\u00f3gicas y Oceanogr\u00e1ficas, Laboratorio de Biolog\u00eda Molecular, Oficinas del Instituto de Investigaciones Hidrobil\u00f3gicas \u2013IIH, Departamento de post-grado y el sal\u00f3n de conferencias.<\/p>\n<h4>Edificio de Laboratorio:<\/h4>\n<p>Edificio de un nivel que incluye el Laboratorio H\u00famedo para la producci\u00f3n de alimento vivo e investigaci\u00f3n aplicada, Laboratorio de Sanidad Acu\u00edcola y el Laboratorio de Qu\u00edmica del Agua.<\/p>\n<h4>Edificio de Administraci\u00f3n:<\/h4>\n<p>Incluye la Direcci\u00f3n, la Coordinaci\u00f3n Acad\u00e9mica y la Tesorer\u00eda, adyacente se encuentra el edificio de cub\u00edculos para la planta docente.<\/p>\n<p><img loading=\"lazy\" decoding=\"async\" class=\" wp-image-186\" src=\"http:\/\/c3.usac.edu.gt\/cema.usac.edu.gt\/public_html\/wp-content\/uploads\/2018\/10\/cursos-charlas-simposios-300x200.jpg\" alt=\"\" width=\"503\" height=\"335\" srcset=\"https:\/\/cema.usac.edu.gt\/wp-content\/uploads\/2018\/10\/cursos-charlas-simposios-300x200.jpg 300w, https:\/\/cema.usac.edu.gt\/wp-content\/uploads\/2018\/10\/cursos-charlas-simposios-768x511.jpg 768w, https:\/\/cema.usac.edu.gt\/wp-content\/uploads\/2018\/10\/cursos-charlas-simposios-1024x681.jpg 1024w\" sizes=\"auto, (max-width: 503px) 100vw, 503px\" \/><\/p>\n","protected":false},"excerpt":{"rendered":"<p>Edificio de Aulas: Edificio de dos niveles, en el primer nivel funciona la carrera de T\u00e9cnico en Acuicultura con tres salones de clase y en el segundo la carrera de Licenciado en Acuicultura, con dos salones para clases, incluye adem\u00e1s,<\/p>\n","protected":false},"author":1,"featured_media":0,"parent":0,"menu_order":0,"comment_status":"closed","ping_status":"closed","template":"","meta":{"footnotes":""},"class_list":["post-35","page","type-page","status-publish","hentry"],"_links":{"self":[{"href":"https:\/\/cema.usac.edu.gt\/index.php\/wp-json\/wp\/v2\/pages\/35","targetHints":{"allow":["GET"]}}],"collection":[{"href":"https:\/\/cema.usac.edu.gt\/index.php\/wp-json\/wp\/v2\/pages"}],"about":[{"href":"https:\/\/cema.usac.edu.gt\/index.php\/wp-json\/wp\/v2\/types\/page"}],"author":[{"embeddable":true,"href":"https:\/\/cema.usac.edu.gt\/index.php\/wp-json\/wp\/v2\/users\/1"}],"replies":[{"embeddable":true,"href":"https:\/\/cema.usac.edu.gt\/index.php\/wp-json\/wp\/v2\/comments?post=35"}],"version-history":[{"count":5,"href":"https:\/\/cema.usac.edu.gt\/index.php\/wp-json\/wp\/v2\/pages\/35\/revisions"}],"predecessor-version":[{"id":187,"href":"https:\/\/cema.usac.edu.gt\/index.php\/wp-json\/wp\/v2\/pages\/35\/revisions\/187"}],"wp:attachment":[{"href":"https:\/\/cema.usac.edu.gt\/index.php\/wp-json\/wp\/v2\/media?parent=35"}],"curies":[{"name":"wp","href":"https:\/\/api.w.org\/{rel}","templated":true}]}}